, 2*t - y*p = 126. What are the prime factors of t?
73
Let g be (-48)/(-5) + 6 + (-196)/35. Let y(j) = 4*j**3 - 2*j - 1. Let h be y(-1). List the prime factors of (g/h)/(6/(-45)).
5
Let i(k) = k**3 + 7*k**2 + 16*k - 4. Let c be i(-5). Let p = 70 + c. List the prime factors of p.
2, 3
Let l(i) = -i**2 + 86. Let o(s) = -2*s + 8. Let k be o(4). List the prime factors of l(k).
2, 43
Let s(n) = -4*n + 2. Let d(f) = -2*f - 3. Let o be d(5). Let u = o + 11. List the prime factors of s(u).
2, 5
Suppose -64*m + 61*m + 8865 = 0. What are the prime factors of m?
3, 5, 197
Suppose -280 = 30*c - 40*c. List the prime factors of c.
2, 7
Suppose 0 = -0*m - 6*m - 1002. Let r = m - -296. List the prime factors of r.
3, 43
Let m be (-3)/(-9) + 3164/12. Suppose -4*j + 4*c + m = -2*j, -j - 2*c = -120. Suppose 2*d - 5*d = -j. What are the prime factors of d?
2, 3, 7
Let m(g) = 1139*g**2 - 6*g + 8. What are the prime factors of m(1)?
7, 163
Let b be 3 - 1 - (-2 - -1). Suppose 0 = b*g - 7*g. Suppose -61 = -2*h - h + y, g = -3*y - 3. What are the prime factors of h?
2, 5
Let h = 123 + 247. List the prime factors of h.
2, 5, 37
Suppose 0 = -9*w + 7*w + 3022. List the prime factors of w.
1511
Suppose -n + 9 = -1. Let r = n + 16. List the prime factors of r.
2, 13
Let k be -3 + 9 - (1 + 2). Suppose 0 = 3*a - 3*z + k, 23 = 5*a + 2*z - 0*z. Suppose 2*q - a*q = -21. What are the prime factors of q?
3, 7
What are the prime factors of (-286)/99*-6*(-582)/(-8)?
13, 97
Let c be (-1)/(-5) + (-5)/((-25)/(-6)). What are the prime factors of (-66)/c*2/(12 - 6)?
2, 11
Let h(q) = 15*q + 1. Let a = 17 - 11. List the prime factors of h(a).
7, 13
Let f be (-2)/(-8)*(14 - 10). Let p = f + 3. Suppose 0 = -5*d + 4*g + 93, -5*d - p*g = -3*d - 54. List the prime factors of d.
3, 7
Let c = 1 - 3. Let p = c + 6. Suppose p*o - 109 = d - 0*d, -4*o - 3*d = -105. List the prime factors of o.
3
Suppose x + 21 = 2*i + 7, 4*x + 21 = 3*i. Suppose -4*m - 139 = -c, i*c - 5*c - 278 = -5*m. What are the prime factors of c?
139
Let y(d) = 2*d**3 - 10*d**2 + 3*d - 72. What are the prime factors of y(8)?
2, 3, 7
Suppose 3*d - 448 = -5*f, 0*f = -3*f - 5*d + 256. Let n = f + 23. What are the prime factors of n?
5, 23
Let s be 16/(-24) - 1990/(-6). Suppose 0 = r - s - 335. Suppose 6*a = r - 258. What are the prime factors of a?
2, 17
Let v(r) = 3 - r**2 - 3 + 5 - r - 6*r. Let k be v(-7). What are the prime factors of k*(14/10 + -1)?
2
Let o be 26/5 - 3/30*2. Suppose -7 + 4 = 3*a - 3*p, o*a - 7 = p. What are the prime factors of a?
2
Let l(z) = z**2 + 2*z - 42. Let d = -22 - -22. Let s be l(d). List the prime factors of (-5)/(5/s) + 2.
2, 11
Let p be 1 - (10/(-5) + -129). List the prime factors of ((-40)/15)/(-4)*p.
2, 11
Suppose -22 = c - 4*c - 5*x, 4*c - 2*x - 12 = 0. Let l(r) = -9*r**3 + 2*r**2 + 2*r + 1. Let w be l(-1). Suppose -c*b + 30 = -w. What are the prime factors of b?
2, 5
Suppose -3*r = 437 - 2132. List the prime factors of r.
5, 113
Let d = 2 + -2. Let u(t) = -t**2 - t + 4. Let j be u(d). Suppose -17 = 4*p + 2*x - 103, -p = 4*x - j. What are the prime factors of p?
2, 3
Suppose 0 = -5*z + 9*z. Suppose z = -6*y - 90 + 876. What are the prime factors of y?
131
Let a(p) = -p**3 + 5*p**2 + 6*p + 6. Let o be a(6). Suppose -140 - 442 = -o*j. List the prime factors of j.
97
Let c be (-290)/6 + (-2)/3. Let w = c - -80. What are the prime factors of w?
31
Suppose 0 = 6*y - 11*y + 35. Let f(n) = 2*n**2 - 7*n + 3. What are the prime factors of f(y)?
2, 13
Suppose -14*z = -2*b - 12*z + 366, 5*b - z - 899 = 0. What are the prime factors of b?
179
Suppose 5*p + 4*m - 15 = 5*m, -p + 3 = -4*m. Suppose -2*u = x - 20, -3*x = -0*u + p*u - 63. List the prime factors of x.
2, 11
Let b be 24/(-32) - 55/(-4). Suppose b + 47 = 5*q. Suppose 0 = -4*a, -5*g + a + q + 13 = 0. What are the prime factors of g?
5
Let i(b) be the first derivative of -65*b**2/2 + 11*b + 24. What are the prime factors of i(-2)?
3, 47
Let k(x) = x**2 - 4*x + 43. What are the prime factors of k(23)?
2, 3, 5
Let w(n) = -7*n**3 + 5*n + 5. Suppose 4*y - b + 11 = -0*y, -b + 7 = -2*y. List the prime factors of w(y).
3, 17
Suppose 232 - 644 = -4*z. Let o = -73 + z. Let n = 1 + o. What are the prime factors of n?
31
Suppose 3*l + 19 = 139. Suppose -2*r + 8 + 2 = 0, -5*k - 5*r = l. Let g = 16 + k. List the prime factors of g.
3
List the prime factors of 2173/1 - (-64 - -66).
13, 167
Let z(o) = -6*o**2 - 6*o**2 - 13*o - 8*o**2 + 2*o**3 + 7 + 16*o**2. What are the prime factors of z(5)?
2, 23
What are the prime factors of 61600/325 + (-18)/(-39)?
2, 5, 19
Let t = 46 - 45. Suppose -4*a = 4*m + 80, m + m + 4*a = -46. List the prime factors of (1/t - 2)*m.
17
Let t be 2/(-4) + (-9)/(-2). Let s(r) = 13*r**2 + 2*r - 5. Let p be s(t). Suppose 39 = 5*h - p. List the prime factors of h.
2, 5
Let i = -253 - -725. What are the prime factors of i?
2, 59
Let s = 10 + 0. Let n = -7 + s. Suppose 0*y + n*y - 33 = 0. What are the prime factors of y?
11
Let o(g) = g**3 + 4*g**2 + 4*g. Let d be o(-3). Let s = 3 - d. List the prime factors of s.
2, 3
Suppose -34*b + 22*b = -60. Let k be 0/1 + 2 + -2. Suppose -20 = 5*v, v = -k*j + b*j - 14. What are the prime factors of j?
2
Let a(n) = -4*n. Let b(i) = 2*i. Let p(k) = -3*a(k) - 5*b(k). Let m be p(8). List the prime factors of ((-16)/10)/(m/(-40)).
2
Let b = 2548 + -1452. List the prime factors of b.
2, 137
Suppose -2*a = -2*u + 12, -2*u + 2*a = -6*u. Let z(s) = -3 + s**u + s**2 + 10*s + s - s**2. List the prime factors of z(-13).
23
Let z(r) = -2*r**3 + 2*r + 12. Let p(q) = -q**2 + 10*q - 14. Let o be p(9). List the prime factors of z(o).
2, 3, 7
Suppose -25*f + 10*f + 9000 = 0. List the prime factors of f.
2, 3, 5
Let r(t) = -34*t**3 + 33*t**3 + 2*t**2 - 4*t - 6*t**2. Let v be r(-3). Suppose v*z - z - 148 = 0. List the prime factors of z.
2, 37
Let o(s) = -s**2 + 20*s + 12. Let v be ((-33)/9)/(1 - 16/12). What are the prime factors of o(v)?
3, 37
Let a(v) = v + 9. Let y(c) = c + 1. Let s(k) = -a(k) + 5*y(k). What are the prime factors of s(12)?
2, 11
Let y(b) = b**3 - 11*b**2 - 12*b + 4. Let i be 106/9 - (-8)/36. Let u be y(i). Suppose -77 + 33 = -u*z. List the prime factors of z.
11
Suppose -4*b = 4*f - 44, -64 = -5*b - 2*f - 0*f. Suppose -b - 2 = -2*i. List the prime factors of i.
2
Suppose -2*k + 302 + 761 = q, 3*k - 3*q = 1581. List the prime factors of k.
2, 5, 53
Let x(m) = m**3 + m**2 + m. Let o(l) = 2*l + 5 + 7*l**3 + 0*l + 9*l**2 + 11*l**2 - 10*l. Let b(g) = -o(g) + 6*x(g). What are the prime factors of b(-15)?
2, 5
Let s(h) = 4*h - 11. Let f be s(4). Let o be (-6 + f)/(1/(-4)). List the prime factors of 190/o + (-3)/6.
47
Let v = 17 + -13. Let t be (20 - 2)/1 - v. Let r(n) = -n**2 + 16*n - 18. What are the prime factors of r(t)?
2, 5
What are the prime factors of ((-3)/6 + 0)/(1/(-1032))?
2, 3, 43
Let b(u) be the first derivative of u**3/3 + 4*u**2 - 8*u - 8. Let l be b(-8). What are the prime factors of 14/l*(-27 + 3)?
2, 3, 7
Let r(m) = m**3 + 7*m**2 - 8*m + 10. Let c be r(-8). Suppose 99 = -v + c*v. What are the prime factors of v?
11
Suppose -3*v + 35 = 4*k + 13, 5*v - 27 = 3*k. List the prime factors of ((-40)/v)/(11/(-99)).
2, 3, 5
Suppose -3*v + 101 = 2*s, 3*v = 2*s + 2*s + 95. Suppose 29*m + 1152 = v*m. What are the prime factors of m?
2, 3
Let p(v) = -18*v + 119. List the prime factors of p(-24).
19, 29
Let g = -544 + 1277. List the prime factors of g.
733
Let l = 74 + 66. Suppose p = b - l, -3*p = 5*b + 2*p - 710. What are the prime factors of b?
3, 47
Suppose 3*j = 5*l + 171, l + 3 = 6. Let b be j + 1/(0 - 1). Suppose -62 = -3*d + b. List the prime factors of d.
41
Suppose r = -3*r + 20. Suppose t + 64 = 2*m, -r*m + 2*t - 3*t + 146 = 0. Suppose j - 2*k = 25 + 5, -j + 5*k = -m. List the prime factors of j.
2, 3, 5
Suppose 0 = 2*p + 2*p - 656. Suppose -2*w + a + p = 0, 388 = 5*w - 0*w + 3*a. What are the prime factors of (w/(-15))/(2/(-6))?
2
Let t be (-15)/45*3*-3. Suppose 0 = -p + 3*p + 4*x - 16, -3*x = t. What are the prime factors of p?
2, 5
Suppose -5*j = -10*j + 3120. Suppose -3*w - 3*m = -j, 0 = 3*w + w + 2*m - 824. What are the prime factors of w?
2, 3, 17
Let s(l) be the first derivative of -21*l**2/2 - l - 13. What are the prime factors of s(-1)?
2, 5
Suppose 2*l = -4*v + 24, 3*v - 4*v = -4*l + 